{"id":758,"date":"2021-02-06T13:37:11","date_gmt":"2021-02-06T18:37:11","guid":{"rendered":"https:\/\/firtsclass.com\/?page_id=758"},"modified":"2021-02-06T13:38:47","modified_gmt":"2021-02-06T18:38:47","slug":"nuestra-agencia-de-viajes","status":"publish","type":"page","link":"https:\/\/firtsclass.com\/?page_id=758","title":{"rendered":"\u00bfQu\u00e9 hacemos como agencia de viajes?"},"content":{"rendered":"\n<p class=\"has-text-align-center\"><strong><em>Firts Clas<\/em>s <em>Travel<\/em><\/strong> ofrece todo lo que usted y su familia necesitan de una agencia de viajes para las mejores vacaciones; incluyendo <strong>descuentos en boletos de avi\u00f3n, las mejores tarifas y ofertas en Hoteles, Renta de Autos, Trasla<\/strong>d<strong>os Aeropuerto-hotel-Aeropuerto, as\u00ed como Tours a todos los puntos de inter\u00e9s Canc\u00fan, Playa del Carmen, la Riviera Maya<\/strong>, <strong>Acapulco<\/strong> y muchos sitios m\u00e1s, adem\u00e1s contamos con paquetes para vacaciones, luna de miel, grupos, convenciones, viajes de incentivos o graduaciones de estudiantes a diversos destinos de M\u00e9xico y Cuba como: <strong>Acapulco, Vallarta, Los Cabos, Ixtapa, Mazatl\u00e1n, Huatulco, Isla Mujeres, Cozumel, La Habana, Varadero, Canc\u00fan, la Riviera Maya, Playa del Carmen<\/strong> entre otros.<\/p>\n\n\n\n<p class=\"has-text-align-center\">Somos un grupo de j\u00f3venes profesionales de los viajes establecidos en Canc\u00fan, que al conocer las necesidades del turismo en nuestro pa\u00eds decidimos crear esta agencia de viajes en l\u00ednea para poder brindar el servicio que usted y su familia se merecen, buscamos siempre mejorar para ofrecer gran calidad en todos nuestros servicios y atenci\u00f3n de primer nivel logrando as\u00ed su satisfacci\u00f3n en todo momento.<\/p>\n\n\n\n<p class=\"has-text-align-center\">Contamos con un grupo de Ejecutivos de Reservaciones que le entender\u00e1 con gusto de manera personalizada y le asesorar\u00e1 para que disfrute de la mejor experiencia en vacaciones.<\/p>\n\n\n\n<p class=\"has-text-align-center\">\u00bfTiene alguna pregunta? Llame a nuestro n\u00famero gratuito desde cualquier parte del pa\u00eds, comun\u00edquese con nosotros a trav\u00e9s de nuestro Chat en l\u00ednea o env\u00edenos un e-mail a: <a href=\"mailto:reservas@mexicodestinos.com\">firtsclass@firtsclass.com <\/a>y tenga la seguridad que responderemos a todas sus dudas y lo apoyaremos para encontrar el plan de vacaciones perfecta.<\/p>\n","protected":false},"excerpt":{"rendered":"<p>Firts Class Travel ofrece todo lo que usted y su familia necesitan de una agencia de viajes para las mejores vacaciones; incluyendo descuentos en boletos de avi\u00f3n, las mejores tarifas y ofertas en Hoteles, Renta de Autos, Traslados Aeropuerto-hotel-Aeropuerto, as\u00ed como Tours a todos los puntos de inter\u00e9s Canc\u00fan, Playa del Carmen, la Riviera Maya, [&hellip;]<\/p>\n","protected":false},"author":1,"featured_media":0,"parent":0,"menu_order":0,"comment_status":"closed","ping_status":"closed","template":"","meta":{"footnotes":""},"class_list":["post-758","page","type-page","status-publish","hentry","entry"],"_links":{"self":[{"href":"https:\/\/firtsclass.com\/index.php?rest_route=\/wp\/v2\/pages\/758","targetHints":{"allow":["GET"]}}],"collection":[{"href":"https:\/\/firtsclass.com\/index.php?rest_route=\/wp\/v2\/pages"}],"about":[{"href":"https:\/\/firtsclass.com\/index.php?rest_route=\/wp\/v2\/types\/page"}],"author":[{"embeddable":true,"href":"https:\/\/firtsclass.com\/index.php?rest_route=\/wp\/v2\/users\/1"}],"replies":[{"embeddable":true,"href":"https:\/\/firtsclass.com\/index.php?rest_route=%2Fwp%2Fv2%2Fcomments&post=758"}],"version-history":[{"count":2,"href":"https:\/\/firtsclass.com\/index.php?rest_route=\/wp\/v2\/pages\/758\/revisions"}],"predecessor-version":[{"id":763,"href":"https:\/\/firtsclass.com\/index.php?rest_route=\/wp\/v2\/pages\/758\/revisions\/763"}],"wp:attachment":[{"href":"https:\/\/firtsclass.com\/index.php?rest_route=%2Fwp%2Fv2%2Fmedia&parent=758"}],"curies":[{"name":"wp","href":"https:\/\/api.w.org\/{rel}","templated":true}]}}